{"id":8337,"date":"2020-01-19T20:05:05","date_gmt":"2020-01-19T23:05:05","guid":{"rendered":"https:\/\/gia.org.br\/portal\/?post_type=product&#038;p=8337"},"modified":"2021-04-15T12:55:43","modified_gmt":"2021-04-15T15:55:43","slug":"as-lendas-na-educacao-estorias-do-baixo-sul-e-do-reconcavo-baiano","status":"publish","type":"product","link":"https:\/\/gia.org.br\/portal\/produto\/as-lendas-na-educacao-estorias-do-baixo-sul-e-do-reconcavo-baiano\/","title":{"rendered":"As lendas na educa\u00e7\u00e3o &#8211; Est\u00f3rias do Baixo Sul e do Rec\u00f4ncavo Baiano (livro digital &#8211; PDF)"},"content":{"rendered":"<p>Pescadores, marisqueiras, agricultores, artes\u00e3os, gente simples que hama a aten\u00e7\u00e3o pela simpatia e pela receptividade. Ambiente de vida formado por uma cultura muito rica e por pessoas que ainda encontram nas lendas e supersti\u00e7\u00f5es formas concretas de se relacionar com o meio em que vivem. Cren\u00e7as ligadas ao uso do mar, do mangue e do mato, cren\u00e7as que norteiam todo um modo de vida&#8230;<\/p>\n<p>\u00c9 nesse ambiente que o Projeto Pu\u00e7\u00e1 iniciou sua linha de a\u00e7\u00e3o de Revitaliza\u00e7\u00e3o Cultural, trazendo \u00e0 tona costumes antigos, recuperando lendas, \u201ccausos\u201d e h\u00e1bitos do Baixo Sul e do Rec\u00f4ncavo baiano. O trabalho foi feito com base em entrevistas, realizadas no segundo semestre de 2008, com antigos moradores das comunidades de Acupe, Santiago de Iguape, S\u00e3o Br\u00e1s, Saubara, Valen\u00e7a, Boipeba, Barra dos Carvalhos, Tapero\u00e1, Nilo Pe\u00e7anha e Boitaraca.<\/p>\n<p>A cultura dessa regi\u00e3o possui surpreendentes express\u00f5es e manifesta\u00e7\u00f5es populares que se relacionam fortemente com a maneira pela qual as comunidades constroem e utilizam seus espa\u00e7os de vida.<\/p>\n<p>Os ambientes costeiros est\u00e3o profundamente ligados \u00e0 vida e \u00e0 cultura da gente dessa regi\u00e3o e trabalhar a educa\u00e7\u00e3o formal \u00e9 um meio para se manter viva essa cultura. Mais que a discuss\u00e3o e aplica\u00e7\u00e3o da cultura local no processo de educa\u00e7\u00e3o, o Pu\u00e7\u00e1 prop\u00f5em a discuss\u00e3o do biorregionalismo. O biorregionalismo\u00a0 envolve tanto a conserva\u00e7\u00e3o do ambiente como da cultura<br \/>\ndas comunidades envolvidas.<\/p>\n","protected":false},"excerpt":{"rendered":"<p>Pescadores, marisqueiras, agricultores, artes\u00e3os, gente simples que hama a aten\u00e7\u00e3o pela simpatia e pela receptividade. Ambiente de vida formado por uma cultura muito rica e por pessoas que ainda encontram nas lendas e supersti\u00e7\u00f5es formas concretas de se relacionar com o meio em que vivem. Cren\u00e7as ligadas ao uso do mar, do mangue e do [&hellip;]<\/p>\n","protected":false},"featured_media":8338,"comment_status":"open","ping_status":"closed","template":"","meta":[],"product_cat":[23],"product_tag":[],"class_list":{"0":"post-8337","1":"product","2":"type-product","3":"status-publish","4":"has-post-thumbnail","6":"product_cat-livros-digitais","8":"first","9":"instock","10":"downloadable","11":"shipping-taxable","12":"purchasable","13":"product-type-simple"},"_links":{"self":[{"href":"https:\/\/gia.org.br\/portal\/wp-json\/wp\/v2\/product\/8337","targetHints":{"allow":["GET"]}}],"collection":[{"href":"https:\/\/gia.org.br\/portal\/wp-json\/wp\/v2\/product"}],"about":[{"href":"https:\/\/gia.org.br\/portal\/wp-json\/wp\/v2\/types\/product"}],"replies":[{"embeddable":true,"href":"https:\/\/gia.org.br\/portal\/wp-json\/wp\/v2\/comments?post=8337"}],"version-history":[{"count":0,"href":"https:\/\/gia.org.br\/portal\/wp-json\/wp\/v2\/product\/8337\/revisions"}],"wp:featuredmedia":[{"embeddable":true,"href":"https:\/\/gia.org.br\/portal\/wp-json\/wp\/v2\/media\/8338"}],"wp:attachment":[{"href":"https:\/\/gia.org.br\/portal\/wp-json\/wp\/v2\/media?parent=8337"}],"wp:term":[{"taxonomy":"product_cat","embeddable":true,"href":"https:\/\/gia.org.br\/portal\/wp-json\/wp\/v2\/product_cat?post=8337"},{"taxonomy":"product_tag","embeddable":true,"href":"https:\/\/gia.org.br\/portal\/wp-json\/wp\/v2\/product_tag?post=8337"}],"curies":[{"name":"wp","href":"https:\/\/api.w.org\/{rel}","templated":true}]}}