{"id":7669,"date":"2020-01-09T14:14:32","date_gmt":"2020-01-09T17:14:32","guid":{"rendered":"https:\/\/gia.org.br\/portal\/?post_type=product&#038;p=7669"},"modified":"2026-03-24T07:16:23","modified_gmt":"2026-03-24T10:16:23","slug":"as-lendas-na-educacao-caicara","status":"publish","type":"product","link":"https:\/\/gia.org.br\/portal\/produto\/as-lendas-na-educacao-caicara\/","title":{"rendered":"As lendas na educa\u00e7\u00e3o cai\u00e7ara (livro digital &#8211; PDF)"},"content":{"rendered":"<p style=\"text-align: justify;\">A educa\u00e7\u00e3o pode e deve ser trabalhada como meio para se manter a cultura de comunidades tradicionais. E \u00e9 a partir desse desafio que o Projeto Cultimar desenvolveu seu trabalho em comunidades cai\u00e7aras paranaenses. Utilizando a ideia do biorregionalismo, o Cultimar construiu o presente livro, para demonstraro valor educativo desse modo de vida em que realidade e misticismo se misturaram. Imaginando a prote\u00e7\u00e3o tanto do meio como da cultura popular, esse trabalho busca valorizar os saberes destas comunidades, manifestados atrav\u00e9s de lendas, mitos, s\u00edmbolos e pr\u00e1ticas criados ao longo de suas hist\u00f3rias. Esse livro se apresenta, ent\u00e3o, como o ponto de partida de um modelo de Educa\u00e7\u00e3o Biorregionalista para a regi\u00e3o. As lendas e supersti\u00e7\u00f5es aqui relatadas s\u00e3o o resultado de um trabalho de revitaliza\u00e7\u00e3o cultural iniciado pelo Cultimar em 2006 na comunidade da Vila das Pe\u00e7as, Guaraque\u00e7aba, e que continuou em 2007, em comunidades das ba\u00edas de Paranagu\u00e1, Laranjeiras e Pinheiros, por meio de viagens realizadas por canoa a remo e a vela. O modo de vida cai\u00e7ara foi contado principalmente por antigos moradores e o projeto selecionou algumas dessas hist\u00f3rias para serem trabalhadas aqui. A ideia foi criar esse livro para que professores dessas comunidades tenham em m\u00e3os um material capaz de discutir a rela\u00e7\u00e3o do cai\u00e7ara com o meio \u00e0 sua volta.<\/p>\n","protected":false},"excerpt":{"rendered":"<p>A educa\u00e7\u00e3o pode e deve ser trabalhada como meio para se manter a cultura de comunidades tradicionais. E \u00e9 a partir desse desafio que o Projeto Cultimar desenvolveu seu trabalho em comunidades cai\u00e7aras paranaenses. Utilizando a ideia do biorregionalismo, o Cultimar construiu o presente livro, para demonstraro valor educativo desse modo de vida em que [&hellip;]<\/p>\n","protected":false},"featured_media":11974,"comment_status":"open","ping_status":"closed","template":"","meta":[],"product_cat":[23],"product_tag":[229,227,228,233,231,230,232,234],"class_list":{"0":"post-7669","1":"product","2":"type-product","3":"status-publish","4":"has-post-thumbnail","6":"product_cat-livros-digitais","7":"product_tag-caicara","8":"product_tag-educacao","9":"product_tag-educacao-biorregionalista","10":"product_tag-guaraquecaba","11":"product_tag-lendas-brasileiras","12":"product_tag-lendas-caicaras","13":"product_tag-lendas-paranaenses","14":"product_tag-litoral-do-parana","16":"first","17":"instock","18":"downloadable","19":"shipping-taxable","20":"purchasable","21":"product-type-simple"},"_links":{"self":[{"href":"https:\/\/gia.org.br\/portal\/wp-json\/wp\/v2\/product\/7669","targetHints":{"allow":["GET"]}}],"collection":[{"href":"https:\/\/gia.org.br\/portal\/wp-json\/wp\/v2\/product"}],"about":[{"href":"https:\/\/gia.org.br\/portal\/wp-json\/wp\/v2\/types\/product"}],"replies":[{"embeddable":true,"href":"https:\/\/gia.org.br\/portal\/wp-json\/wp\/v2\/comments?post=7669"}],"version-history":[{"count":0,"href":"https:\/\/gia.org.br\/portal\/wp-json\/wp\/v2\/product\/7669\/revisions"}],"wp:featuredmedia":[{"embeddable":true,"href":"https:\/\/gia.org.br\/portal\/wp-json\/wp\/v2\/media\/11974"}],"wp:attachment":[{"href":"https:\/\/gia.org.br\/portal\/wp-json\/wp\/v2\/media?parent=7669"}],"wp:term":[{"taxonomy":"product_cat","embeddable":true,"href":"https:\/\/gia.org.br\/portal\/wp-json\/wp\/v2\/product_cat?post=7669"},{"taxonomy":"product_tag","embeddable":true,"href":"https:\/\/gia.org.br\/portal\/wp-json\/wp\/v2\/product_tag?post=7669"}],"curies":[{"name":"wp","href":"https:\/\/api.w.org\/{rel}","templated":true}]}}