{"id":2276,"date":"2017-12-20T09:08:54","date_gmt":"2017-12-20T11:08:54","guid":{"rendered":"https:\/\/gia.org.br\/portal\/?post_type=product&#038;p=2276"},"modified":"2026-03-23T21:36:23","modified_gmt":"2026-03-24T00:36:23","slug":"manual-de-ostreicultura-com-especies-nativas-da-regiao-nordeste-do-brasil","status":"publish","type":"product","link":"https:\/\/gia.org.br\/portal\/produto\/manual-de-ostreicultura-com-especies-nativas-da-regiao-nordeste-do-brasil\/","title":{"rendered":"Manual de ostreicultura com esp\u00e9cies nativas da regi\u00e3o Nordeste do Brasil (livro digital &#8211; PDF)"},"content":{"rendered":"<p>O Manual de Ostreicultura com Esp\u00e9cies\u00a0Nativas da Regi\u00e3o Nordeste do Brasil,\u00a0uma iniciativa do Sebrae atrav\u00e9s do\u00a0Projeto AQUINordeste, \u00e9 especialmente\u00a0voltado a ostreicultores, extencionistas,\u00a0consultores t\u00e9cnicos,\u00a0 estudantes e demais\u00a0agentes multiplicadores da \u00e1rea\u00a0dessa importante \u00e1rea da aquicultura.<\/p>\n<p>O Manual foi produzido a partir da experi\u00eancia\u00a0de um grupo de profissionais\u00a0que trabalha h\u00e1 quase duas d\u00e9cadas\u00a0com o cultivo de ostras; foi complementado\u00a0com informa\u00e7\u00f5es e experi\u00eancias das\u00a0mais diversas partes do mundo; e, por\u00a0fim incorporou os dados e experi\u00eancias\u00a0gerados atrav\u00e9s do Projeto AQUINordeste,\u00a0desenvolvidonos estados de Sergipe,\u00a0Alagoas, Para\u00edba e Rio Grande do Norte.<\/p>\n<p>Neste livro,\u00a0os fundamentos\u00a0e as t\u00e9cnicas que regem essa atividade s\u00e3o tratados de forma ampla, mas em\u00a0linguagem simples, direta e objetiva.\u00a0Conceitos tradicionais e tamb\u00e9m novas\u00a0formas de encarar a atividade s\u00e3o\u00a0 apresentados\u00a0e discutidos na busca de uma\u00a0ostreicultura cada vez mais eficiente,\u00a0produtiva, sustent\u00e1vel e profissional<\/p>\n<p>&nbsp;<\/p>\n<p>Ficha Catalogr\u00e1fica<\/p>\n<p>Castilho-Westphal, Gisela Geraldine.<\/p>\n<p>Manual de ostreicultura com esp\u00e9cies nativas da regi\u00e3o nordeste do Brasil: sanidade e\u00a0profilaxia. \/ Gisela GeraldineCastilho-Westphal(et. al.) \u2013 Bras\u00edlia : Sebrae, 2016.\u00a0169 p. il.<br \/>\nEsta obra faz parte das a\u00e7\u00f5es do Projeto AQUINordeste.<\/p>\n<p>ISBN 978-85-7333-751-8<\/p>\n<p>1. Ostreicultura 2. Seguran\u00e7a alimentar 3. Regi\u00e3o NordesteI. Sebrae II. Silva, D\u00e9bora\u00a0Pestana da III. Ostrensky, Antonio IV.T\u00edtulo<br \/>\nCDU \u2013 639.4<\/p>\n","protected":false},"excerpt":{"rendered":"<p>O Manual de Ostreicultura com Esp\u00e9cies\u00a0Nativas da Regi\u00e3o Nordeste do Brasil,\u00a0uma iniciativa do Sebrae atrav\u00e9s do\u00a0Projeto AQUINordeste, \u00e9 especialmente\u00a0voltado a ostreicultores, extencionistas,\u00a0consultores t\u00e9cnicos,\u00a0 estudantes e demais\u00a0agentes multiplicadores da \u00e1rea\u00a0dessa importante \u00e1rea da aquicultura. O Manual foi produzido a partir da experi\u00eancia\u00a0de um grupo de profissionais\u00a0que trabalha h\u00e1 quase duas d\u00e9cadas\u00a0com o cultivo de ostras; foi [&hellip;]<\/p>\n","protected":false},"featured_media":2277,"comment_status":"open","ping_status":"closed","template":"","meta":[],"product_cat":[23],"product_tag":[55,74,73,58,70,54,72,56,52,71,51,49],"class_list":{"0":"post-2276","1":"product","2":"type-product","3":"status-publish","4":"has-post-thumbnail","6":"product_cat-livros-digitais","7":"product_tag-aline-horodesky","8":"product_tag-boas-praticas-de-cultivo","9":"product_tag-boas-praticas-de-producao","10":"product_tag-debora-pestana-da-silva","11":"product_tag-diogo-barbalho-hungria","12":"product_tag-gisela-geraldine-castilho-westphal","13":"product_tag-marcelo-acacio-chammas","14":"product_tag-marcus-vinicius-fier-girotto","15":"product_tag-maricultura","16":"product_tag-marina-lima-de-souza","17":"product_tag-ostras","18":"product_tag-ostreicultura","20":"first","21":"instock","22":"downloadable","23":"virtual","24":"purchasable","25":"product-type-simple"},"_links":{"self":[{"href":"https:\/\/gia.org.br\/portal\/wp-json\/wp\/v2\/product\/2276","targetHints":{"allow":["GET"]}}],"collection":[{"href":"https:\/\/gia.org.br\/portal\/wp-json\/wp\/v2\/product"}],"about":[{"href":"https:\/\/gia.org.br\/portal\/wp-json\/wp\/v2\/types\/product"}],"replies":[{"embeddable":true,"href":"https:\/\/gia.org.br\/portal\/wp-json\/wp\/v2\/comments?post=2276"}],"version-history":[{"count":0,"href":"https:\/\/gia.org.br\/portal\/wp-json\/wp\/v2\/product\/2276\/revisions"}],"wp:featuredmedia":[{"embeddable":true,"href":"https:\/\/gia.org.br\/portal\/wp-json\/wp\/v2\/media\/2277"}],"wp:attachment":[{"href":"https:\/\/gia.org.br\/portal\/wp-json\/wp\/v2\/media?parent=2276"}],"wp:term":[{"taxonomy":"product_cat","embeddable":true,"href":"https:\/\/gia.org.br\/portal\/wp-json\/wp\/v2\/product_cat?post=2276"},{"taxonomy":"product_tag","embeddable":true,"href":"https:\/\/gia.org.br\/portal\/wp-json\/wp\/v2\/product_tag?post=2276"}],"curies":[{"name":"wp","href":"https:\/\/api.w.org\/{rel}","templated":true}]}}